{"id":1196,"date":"2022-03-04T11:50:45","date_gmt":"2022-03-04T11:50:45","guid":{"rendered":"https:\/\/www.sportico.rs\/?page_id=1196"},"modified":"2022-03-05T07:37:46","modified_gmt":"2022-03-05T07:37:46","slug":"zastita-poverljivih-podataka-o-transakciji","status":"publish","type":"page","link":"https:\/\/www.sportico.rs\/index.php\/zastita-poverljivih-podataka-o-transakciji\/","title":{"rendered":"Za\u0161tita poverljivih podataka o transakciji"},"content":{"rendered":"\n<body>\n\n<blockquote>\n  <p class=\"MsoNormal\">&nbsp;<\/p>\n  <p class=\"MsoNormal\"><b><span style=\"font-size:14.0pt;font-family:Calibri\">\n  IZJAVA O ZA\u0160TITI POVERLJIVIH PODATAKA O TRANSAKCIJI<\/span><\/b><\/p>\n  <p class=\"MsoNormal\" style=\"line-height: 100%; margin-bottom: 0pt\">\n  <span style=\"font-family:Calibri\">Aplikacija Sportico ni u jednom trenutku \n  nema pristup karti&#269;nim podacima, osim minimalnog seta podataka u svrhu \n  evidentiranja pla&#263;anja usluge u svom informacionom sistemu i obave\u0161tavanja o \n  izvr\u0161enoj platnoj transakciji. Molimo Vas da svoje kredencijale za pristup \n  aplikaciji Sportico i za kori\u0161&#263;enje kartice pa\u017eljivo &#269;uvate jer Sportico ne \n  snosi odgovornost u slu&#269;aju saop\u0161tavanja istih drugim licima od strane \n  vlasnika kredencijala.<\/span><\/p>\n  <p class=\"MsoNormal\" style=\"line-height: 100%; margin-bottom: 0pt\">&nbsp;<\/p>\n  <p class=\"MsoNormal\" style=\"line-height: 100%; margin-bottom: 0pt\">\n  <span style=\"font-family:Calibri\">&nbsp;Prilikom online naru&#269;ivanja, bi&#263;ete \n  preusmereni na stranicu koja je za\u0161ti&#263;ena i sigurna za ovakav na&#269;in pla&#263;anja. \n  Niti jednog trenutka podaci o Va\u0161oj platnoj kartici nisu dostupni na\u0161em \n  sistemu. <\/span><\/p>\n  <p class=\"MsoNormal\" style=\"line-height: 100%; margin-bottom: 0pt\">\n  <span style=\"font-family:Calibri\">Na ovoj stranici je potrebno da unesete \n  slede&#263;e podatke: Broj kartice, Datum isteka i CVV kod, koje mo\u017eete pro&#269;itati \n  sa Va\u0161e kartice.<\/span><\/p>\n  <p class=\"MsoNormal\" style=\"line-height: 100%; margin-bottom: 0pt\">\n  <span style=\"font-family:Calibri\">Radi sigurnije Internet kupovine, NestPay \n  pla&#263;anje podr\u017eava Verified by Visa i MasterCard Secure code za\u0161titu (3D Secure \n  verifikaciju kartica). 3D Secure je me&#273;unarodni standard koji se koristi za \n  proveru korisnika kartice i obezbe&#273;uje dodatnu sigurnost prilikom online \n  kupovine. Usluga poma\u017ee u za\u0161titi od neovla\u0161&#263;enog kori\u0161&#263;enja kartice od strane \n  tre&#263;ih lica prilikom realizacije Internet transakcija.<\/span><\/p>\n  <p class=\"MsoNormal\" style=\"line-height: 100%; margin-bottom: 0pt\">\n  <span style=\"font-family:Calibri\">3D Secure podrazumeva da prilikom online \n  pla&#263;anja korisnik kartice potvr&#273;uje svoj identitet pomo&#263;u tajne lozinke koju \n  je od strane banke dobio putem SMS poruke ili elektronske po\u0161te, &#269;ime se \n  smanjuje mogu&#263;nost zloupotrebe \u2013 sli&#269;no kao kori\u0161&#263;enje PIN-a na bankomatu.\n  <\/span><\/p>\n  <p class=\"MsoNormal\" style=\"line-height: 100%; margin-bottom: 0pt\">&nbsp;<\/p>\n  <p class=\"MsoNormal\" style=\"line-height: 100%; margin-bottom: 0pt\">\n  <span style=\"font-family:Calibri\">&nbsp;Prilikom uno\u0161enja podataka o platnoj \n  kartici, poverljive informacije se prenose putem javne mre\u017ee u za\u0161ti&#263;enoj \n  (kriptovanoj) formi upotrebom SSL protokola. Sigurnost podataka prilikom \n  kupovine garantuje procesor platnih kartica Komercijalna banka a.d. Beograd. \n  Unos i provera lozinke isklju&#269;ivo se obavljaju izme&#273;u korisnika kartice i \n  banke, a Internet trgovac nema uvid u podatke koji se razmenjuju.<\/span><\/p>\n<\/blockquote>\n\n<\/body>\n","protected":false},"excerpt":{"rendered":"<p>&nbsp; IZJAVA O ZA\u0160TITI POVERLJIVIH PODATAKA O TRANSAKCIJI Aplikacija Sportico ni u jednom trenutku nema pristup karti&#269;nim podacima, osim minimalnog seta podataka u svrhu evidentiranja pla&#263;anja usluge u svom informacionom sistemu i obave\u0161tavanja o izvr\u0161enoj platnoj transakciji. Molimo Vas da svoje kredencijale za pristup aplikaciji Sportico i za kori\u0161&#263;enje kartice pa\u017eljivo &#269;uvate jer Sportico ne [&#8230;]\n","protected":false},"author":1,"featured_media":0,"parent":0,"menu_order":0,"comment_status":"closed","ping_status":"closed","template":"page-blank.php","meta":{"footnotes":""},"class_list":["post-1196","page","type-page","status-publish","hentry"],"jetpack_sharing_enabled":true,"_links":{"self":[{"href":"https:\/\/www.sportico.rs\/index.php\/wp-json\/wp\/v2\/pages\/1196","targetHints":{"allow":["GET"]}}],"collection":[{"href":"https:\/\/www.sportico.rs\/index.php\/wp-json\/wp\/v2\/pages"}],"about":[{"href":"https:\/\/www.sportico.rs\/index.php\/wp-json\/wp\/v2\/types\/page"}],"author":[{"embeddable":true,"href":"https:\/\/www.sportico.rs\/index.php\/wp-json\/wp\/v2\/users\/1"}],"replies":[{"embeddable":true,"href":"https:\/\/www.sportico.rs\/index.php\/wp-json\/wp\/v2\/comments?post=1196"}],"version-history":[{"count":4,"href":"https:\/\/www.sportico.rs\/index.php\/wp-json\/wp\/v2\/pages\/1196\/revisions"}],"predecessor-version":[{"id":1246,"href":"https:\/\/www.sportico.rs\/index.php\/wp-json\/wp\/v2\/pages\/1196\/revisions\/1246"}],"wp:attachment":[{"href":"https:\/\/www.sportico.rs\/index.php\/wp-json\/wp\/v2\/media?parent=1196"}],"curies":[{"name":"wp","href":"https:\/\/api.w.org\/{rel}","templated":true}]}}